 1. Let c be i(u). Let r(t) = t**2 + 3*t + 1. Give r(c).
5
Let w = 6 + 0. Suppose 5*m - w - 14 = 0. Let u be 9/(-1)*1 + m. Let a(v) = -v**2 - 3*v + 5. Give a(u).
-5
Let o(v) = 4*v**3 + 6*v**2 - 8*v - 4. Let s be 2/(-12) - (-47)/(-6). Let q(f) = 11*f**3 + 17*f**2 - 23*f - 12. Let a(j) = s*o(j) + 3*q(j). Give a(-3).
11
Let s(o) = o - 1. Let r(f) = 6*f - 1. Let j be r(0). What is s(j)?
-2
Suppose -6 = -7*m + 4*m. Let w(c) = 3*c**m - 4 - 12*c + 9*c - c**2. Calculate w(3).
5
Let c be -2 - -4 - (-16)/2. Suppose 0 = -4*x - 10 - c. Let v(u) = 3*u + 12. Let q(w) = -w - 4. Let f(n) = -7*q(n) - 2*v(n). Give f(x).
-1
Suppose 0 = -0*z - 3*z + 6. Suppose -4 = -x - 2*n - n, -z = x - 3*n. Let w be 2*1/(-2)*x. Let j(k) = -k**3 + 2*k**2 + 2*k + 1. Calculate j(w).
2
Let j(l) = -l + 4. Suppose h + 8 = -5*d - 1, 0 = 4*h + 5*d + 6. Suppose -3*a = -4*k + 34, -a - 2*k + 3 = h. Calculate j(a).
10
Suppose 4*p = c - 1, -10*c = -11*c + p - 2. Let o(s) = -s**3 + 3*s + 1. Give o(c).
19
Let m(t) = -1 - 3*t - 5*t**2 + 5*t**2 - 2*t**2. Let o(b) = -b**3 - 5*b**2 - 4*b + 4. Let l be o(-3). Determine m(l).
-3
Let w(o) = 2*o**3 + o**2 - o - 23. Let j(c) = c**3 - c - 11. Let i(g) = 9*j(g) - 4*w(g). Let m = 11 + -1. Let s be (2/3)/(m/75). Give i(s).
-7
Let g(u) = 9*u**3 + u**2. Let o be g(2). Let b = o - 77. Let n(q) = -19*q**3 + q**2 - 1. Calculate n(b).
19
Let x(s) = s - 13. Let q(f) = 3*f - 22. Let i(d) = q(d) - 6*x(d). Give i(21).
-7
Suppose -3 = 2*c - 9. Suppose c = -6*b - 3. Let p(w) = 4*w**3 - 2*w**3 + 10*w - 9*w + 1 - w**2. What is p(b)?
-3
Suppose -2*y = -4*p - 7*y - 62, 0 = 5*p + y + 67. Let a = p - -14. Let v(b) = 0*b - 22*b**3 - 2*b + 3*b + 8*b**3 - a. Give v(1).
-14
Let c(n) = 2*n**2 + 16*n - 3. Suppose -17*k - 2*x = -13*k + 28, 0 = 3*x - 6. What is c(k)?
-3
Let q(n) = 13*n**2 + n - 1. Suppose -4*o - 8 = -40. Suppose 1 = -7*k + o. Determine q(k).
13
Let k(x) be the first derivative of x**4/4 - 13*x**3/3 - 16*x**2 + 18*x + 514. Determine k(15).
-12
Let q = 17 + -9. Let c(v) = -v**3 + 7*v**2 + 7*v + 8. Let u be c(q). Suppose -2*z - 11 - 1 = u. Let y(o) = o**2 + 8*o + 4. What is y(z)?
-8
Let w(r) = -r**3 + r**2 - 2*r + 26. Let u be w(3). Let k(b) be the second derivative of b - 5/12*b**4 + 1/6*b**3 + 0 + 0*b**u. Give k(1).
-4
Let n(o) be the second derivative of o**7/2520 + o**6/60 + 3*o**5/40 - 13*o**4/3 - 37*o. Let l(p) be the third derivative of n(p). Give l(-7).
-26
Let z(y) = -8*y**2 - 2. Let j(o) = 24*o**2 + 5. Let i(d) = -3*j(d) - 8*z(d). Let s(h) = -h**2 - h + 21. Let k be s(4). Determine i(k).
-7
Let p(n) = -23*n**3 - 13*n**2 - 9*n - 13. Let m(g) = 12*g**3 + 7*g**2 + 5*g + 7. Let t(b) = 11*m(b) + 6*p(b). Calculate t(1).
-7
Let q(d) = -2*d**2 - d**3 + 5 + 2*d**2 - d. Let m be q(0). Let o(b) = -9*b + 2*b**2 - 11 + m*b**2 + 3 - 8*b**2. Give o(-6).
10
Suppose 2*c + 6 = -5*q, 0 = -5*c - 5*q + 15. Let b(m) = m - 10. Calculate b(c).
-3
Suppose 2*b + 3 = 7. Let l(r) be the second derivative of 0*r**2 - 5*r + 1/3*r**3 + 0. Give l(b).
4
Let m(c) = -18*c**3 + 20*c**2 - 18*c - 10. Let z(w) = -4*w**3 + 4*w**2 - 4*w - 2. Let n(u) = 3*m(u) - 14*z(u). Calculate n(-3).
-26
Let f(w) = 7*w**2 + 2*w - 4. Let q be f(-4). Let j be (-1)/4 - q/(-16). Let i(g) = -2 + 95*g**3 - 5*g**2 - 94*g**3 + 0*g**2 - g**2 + 0*g**2. What is i(j)?
-2
Let m(s) = s**3 + 17*s**2 - 2*s - 32*s**2 + 14*s**2. Let a be m(0). Let f(l) = l**3 + l**2 + l + 7. Determine f(a).
7
Let j(d) = d**3 - 2*d**2 - d - 3. Let v(a) = -a + 16. Let w be v(14). Let i(l) = 2*l**w - l - l - l**2. Let m be i(3). What is j(m)?
3
Let z(l) = l**3 + l**2 + 1. Let v be z(-2). Let y(n) be the third derivative of -n**6/120 - n**5/30 + 5*n**4/24 + n**3/3 + 40*n**2. Give y(v).
-4
Let u = 738 + -740. Let w(f) = -f**2 + f + 3. What is w(u)?
-3
Let b(y) be the first derivative of -y**2 - 4/3*y**3 - 15 + 0*y - 1/4*y**4. Give b(-4).
8
Let t(i) be the first derivative of -5*i**2/2 + i - 1. Suppose 2 = -5*k - 3. Let w be -1 - k*(-2 - -6). Give t(w).
-14
Let o(i) be the third derivative of 3/2*i**3 - 1/24*i**4 + 1/120*i**6 + 1/60*i**5 + 0 - 23*i**2 + 0*i. Determine o(0).
9
Let r(p) = 5*p**3 + 11*p**2 + 6*p + 1. Let t(h) be the third derivative of -h**6/40 - h**5/10 - h**4/8 - 9*h**2. Let u(y) = 4*r(y) + 7*t(y). Give u(3).
4
Suppose -40 = -0*k - 5*k. Let w(q) = -5 - k*q + 11*q + 1 - q**2. Determine w(4).
-8
Let x(k) = k**2 + 6*k - 6. Let d be (330/(-550))/((-27)/(-15) + -2). What is x(d)?
21
Let q(v) = -2*v**2 + 35*v + 41. Let f be q(19). Let s(d) = d + 21. Calculate s(f).
5
Let b be (-1)/(-2) + 11/2. Let z(n) = 2*n**2 - 8*n + 24. Let k be z(8). Let w(c) = -c**3 + 0 + 93*c**2 - k*c**2 + 6*c + 2 + 1. What is w(b)?
3
Let z be 3 + (6/7)/(24/(-168)). Let n(x) = 2*x**2 + 4*x - 1. Determine n(z).
5
Let f(r) = -2*r**3 + r**2 - r + 4. Let y(k) = 11*k**3 - k**2 + 6*k - 19. Let q(m) = -5*f(m) - y(m). Calculate q(-4).
3
Let v(c) = c + 12. Suppose 4*q + 2*d = -18, -5*q - 3*d = 2*d + 25. Let p(u) = u**3 + 3*u**2 - 4*u. Let k be p(q). Suppose k - 6 = m. Calculate v(m).
6
Let i(c) = 963*c - 1916*c + 957*c - 8. Let d be 1/((-8)/6 - -1). Let y(a) = 9*a - 16. Let f(s) = d*y(s) + 7*i(s). What is f(6)?
-2
Suppose 4*s = -2*k + 24, 2*k - 2*s - 68 = -k. Let n = 17 - k. Let y(f) = -f**3 - 4*f**2 - 3*f. Calculate y(n).
0
Let r(d) be the third derivative of -d**4/24 + d**3/3 + 226*d**2 + 2*d. Suppose -4*b = -3*i - 0*b + 12, 5*b = 15. Give r(i).
-6
Let q(h) be the second derivative of -9*h + 2/3*h**3 + 0 + 3/2*h**2 + 1/12*h**4. What is q(-4)?
3
Let m(y) = 23 + y**2 - 22 - 5*y**2. Let d(b) = b**2. Let z(n) = -5*d(n) - m(n). Let v = -6 - -8. Determine z(v).
-5
Let j = 3 - 2. Suppose 4*s + 18 = 2*w, 3*w - 5*s = 2*w + 18. Let v(x) = 1 - 3*x**2 + x - 6*x + w*x + 5*x**2. Give v(j).
1
Let l(o) = 8 + 8*o - 28*o + 7*o + 14*o. Give l(0).
8
Let x = 0 - -2. Suppose 4*p = 2*p - x. Let n(z) = 16*z**3 + z**2 + 8*z + 1. Let o(k) = -17*k**3 - k**2 - 9*k - 1. Let d(q) = -7*n(q) - 6*o(q). Determine d(p).
10
Let l(k) be the first derivative of k + 2*k**2 - 2 - 10 - 2*k - 5*k**2. Suppose 0 = -0*a + 4*a + 4. What is l(a)?
5
Let y be (8 + -9)/(2/2). Let l(s) be the third derivative of 0 + 0*s - 1/24*s**4 + s**2 + 7/60*s**5 - 1/6*s**3. Calculate l(y).
7
Let p(q) = 16 + 20 - q - 56 - q + 25. Suppose 0*j - 15 = -3*j. Calculate p(j).
-5
Let c be (-2 + (-143)/(-91))/((-1)/7). Let w(s) = -4*s + 7. Determine w(c).
-5
Let i be 3/(-2)*80/(-15). Suppose -2*b + 3*g - i = g, 0 = -5*b - 3*g + 20. Let q(f) = -8*f**2. Determine q(b).
-8
Let x(y) be the first derivative of -y**3/3 - y**2 - 2*y + 1. Let q = 89 + -49. Let i = 38 - q. Calculate x(i).
-2
Let a = 14 + 18. Let i = -22 + a. Suppose t + t + 18 = x, -x = 2*t + i. Let q(l) = -l**3 - 7*l**2 + l - 6. Calculate q(t).
-13
Let a(l) = -17*l - 46*l - 15*l - l**2 + 82*l + 7. Let y be (-111)/(-21) + (-2)/7. Give a(y).
2
Let p(f) = -6*f**3 + 4*f**2 - 150*f + 147. Let m be p(1). Let y(n) be the second derivative of n**3/6 - 3*n**2/2 + n. Calculate y(m).
-8
Let h(r) be the third derivative of -r**6/120 + r**5/12 - r**4/12 - 2*r**3/3 - 42*r**2 + 2. Give h(4).
4
Let s(o) = 7*o - 13. Let j(h) = -h. Let q(x) = 6*j(x) + s(x). What is q(12)?
-1
Let t(l) = -4*l**2 + 3*l**2 - 4*l - 6 + 3*l. Let w be (0/(-2))/((-8)/((-56)/21)). Give t(w).
-6
Let g(h) = -h - 3. Let u(n) = 69*n - 3. Let z be u(5). Let s be z/(-54) + (-4)/6. What is g(s)?
4
Let y = 8 + -4. Let b = y - 11. Let o(w) = -4*w**3 + 18*w**2 - 17*w - 4. Let i(v) = 3*v**3 - 12*v**2 + 11*v + 3. Let a(z) = 7*i(z) + 5*o(z). Give a(b).
8
Suppose -2*r + 4*r - 6 = 0. Let y be (-57)/(-15) - (-2)/10. Let s(f) = y*f**3 - 8*f - 5*f**3 + 2 - 3*f**2 + 7*f**2 + 4*f. Calculate s(r).
-1
Suppose 4*y + 27 = -6*o + o, -4*y = 3*o + 29. Let h(b) = -b**2 - 8*b - 8. Give h(y).
-8
Let v(j) be the second derivative of -j**7/2520 - j**6/240 - j**5/60 + j**4/6 + 11*j. Let k(m) be the third derivative of v(m). Determine k(-2).
0
Let x(w) = -w**3 - 2*w**2 - 7*w - 26. Let u be x(-3). Let h be 4 + 0 - (-1 + 1). Let v(o) = 2*o**2 - h*o - o**2 + 2 - 3. Determine v(u).
-1
Let z(o) be the second derivative of 0 - 1/3*o**3 - 10*o + 3*o**2. What is z(6)?
-6
Let l(j) = 2*j - 12. Let z be l(8). Suppose -z*i = 3*x + 15, 5*i = -x + 2 - 18. Let k(a) be the first derivative of -a**3/3 + a**2/2 + a - 6. Give k(i).
-11
Let t(d) = -d + 8. Let x(z) = -z**3 - 15*z